 divided by 3973?
15
What is the remainder when 7412611 is divided by 7107?
10
Calculate the remainder when 2841062 is divided by 167121.
5
Calculate the remainder when 13515289 is divided by 117.
34
What is the remainder when 2304793 is divided by 2561?
2454
Calculate the remainder when 61501 is divided by 2165.
881
Calculate the remainder when 831568 is divided by 4698.
22
Calculate the remainder when 177986504 is divided by 88993250.
4
Calculate the remainder when 30564966 is divided by 10326.
6
Calculate the remainder when 49612 is divided by 1303.
98
What is the remainder when 164755 is divided by 53492?
4279
Calculate the remainder when 1278637 is divided by 1278518.
119
What is the remainder when 1681284 is divided by 27116?
92
What is the remainder when 1743181 is divided by 430?
391
What is the remainder when 103358 is divided by 4489?
111
Calculate the remainder when 74839 is divided by 944.
263
What is the remainder when 2297760 is divided by 11844?
24
Calculate the remainder when 9145671 is divided by 69.
66
What is the remainder when 17437587 is divided by 1453128?
51
What is the remainder when 1607410 is divided by 6613?
451
What is the remainder when 20550087 is divided by 513752?
7
Calculate the remainder when 12353 is divided by 5688.
977
Calculate the remainder when 303108 is divided by 14414.
414
What is the remainder when 98850 is divided by 91219?
7631
Calculate the remainder when 29457969 is divided by 22.
13
Calculate the remainder when 118154 is divided by 831.
152
What is the remainder when 1212323 is divided by 630?
203
Calculate the remainder when 24155306 is divided by 97.
75
What is the remainder when 19059 is divided by 4282?
1931
What is the remainder when 2452994 is divided by 48?
2
Calculate the remainder when 714216 is divided by 3882.
3810
Calculate the remainder when 1931416 is divided by 35766.
52
Calculate the remainder when 2896153 is divided by 1013.
999
Calculate the remainder when 286771 is divided by 2154.
289
Calculate the remainder when 106630465 is divided by 61.
25
Calculate the remainder when 349695448 is divided by 598.
596
Calculate the remainder when 3314106 is divided by 1104697.
15
What is the remainder when 12526 is divided by 1915?
1036
What is the remainder when 776615 is divided by 94?
81
What is the remainder when 70053 is divided by 511?
46
Calculate the remainder when 666896 is divided by 6395.
1816
What is the remainder when 173900 is divided by 17386?
40
Calculate the remainder when 717016 is divided by 13278.
4
Calculate the remainder when 2636559 is divided by 5925.
5859
What is the remainder when 54432881 is divided by 584?
577
What is the remainder when 3130202 is divided by 3130184?
18
Calculate the remainder when 3662657 is divided by 82.
45
What is the remainder when 330389804 is divided by 4705?
4704
What is the remainder when 326652 is divided by 163282?
88
What is the remainder when 70573 is divided by 13415?
3498
What is the remainder when 160786 is divided by 39531?
2662
What is the remainder when 173525602 is divided by 28?
26
Calculate the remainder when 431119 is divided by 22689.
28
What is the remainder when 175135 is divided by 134?
131
Calculate the remainder when 36953 is divided by 12092.
677
Calculate the remainder when 13200451 is divided by 127.
71
What is the remainder when 1872845 is divided by 110?
95
What is the remainder when 174021668 is divided by 48?
20
Calculate the remainder when 9469734 is divided by 1787.
421
Calculate the remainder when 58341 is divided by 11465.
1016
What is the remainder when 8735615 is divided by 169?
5
What is the remainder when 44858 is divided by 5567?
322
Calculate the remainder when 336632129 is divided by 863.
856
Calculate the remainder when 786962 is divided by 786959.
3
Calculate the remainder when 112317 is divided by 62.
35
Calculate the remainder when 38621659 is divided by 770.
769
What is the remainder when 5072935 is divided by 3711?
3709
What is the remainder when 366111 is divided by 791?
669
What is the remainder when 500380 is divided by 49749?
2890
Calculate the remainder when 2664265 is divided by 9795.
25
What is the remainder when 223434 is divided by 30?
24
What is the remainder when 1572434 is divided by 49123?
498
Calculate the remainder when 2269217 is divided by 1550.
17
What is the remainder when 2801150 is divided by 36855?
170
Calculate the remainder when 1398268 is divided by 635.
633
Calculate the remainder when 129631995 is divided by 29.
23
Calculate the remainder when 852145 is divided by 16051.
1442
Calculate the remainder when 45450361 is divided by 2262.
2257
Calculate the remainder when 401696 is divided by 133898.
2
Calculate the remainder when 282859702 is divided by 40408526.
20
What is the remainder when 294155 is divided by 1412?
459
Calculate the remainder when 4602670 is divided by 7352.
318
What is the remainder when 14814090 is divided by 3703512?
42
Calculate the remainder when 111646752 is divided by 1539.
1536
What is the remainder when 1062192 is divided by 440?
32
What is the remainder when 11099465 is divided by 74?
57
Calculate the remainder when 2850759 is divided by 760.
759
Calculate the remainder when 1317630 is divided by 439210.
0
Calculate the remainder when 2762003 is divided by 81235.
13
What is the remainder when 23371364 is divided by 292142?
4
What is the remainder when 2350666 is divided by 73?
66
What is the remainder when 340442 is divided by 575?
42
What is the remainder when 26852349 is divided by 67?
22
Calculate the remainder when 620143 is divided by 101.
3
Calculate the remainder when 46670 is divided by 1328.
190
What is the remainder when 7132666 is divided by 881?
90
Calculate the remainder when 7070387 is divided by 32138.
27
What is the remainder when 5790260 is divided by 50350?
10
What is the remainder when 1059179 is divided by 595?
79
Calculate the remainder when 55102 is divided by 54981.
121
What is the remainder when 33196187 is divided by 386002?
15
What is the remainder when 19461 is divided by 3746?
731
What is the remainder when 4263866 is divided by 377?
373
Calculate the remainder when 368466 is divided by 41.
40
What is the remainder when 250267014 is divided by 21?
18
What is the remainder when 6559995 is divided by 134?
25
Calculate the remainder when 164291 is divided by 32857.
6
Calculate the remainder when 1003187 is divided by 19.
6
What is the remainder when 988300 is divided by 65864?
340
Calculate the remainder when 5148961 is divided by 217.
202
Calculate the remainder when 4195968 is divided by 891.
249
Calculate the remainder when 1180041 is divided by 1898.
1383
What is the remainder when 1915613 is divided by 28?
21
What is the remainder when 10032743 is divided by 120875?
118
What is the remainder when 4570064 is divided by 30?
14
Calculate the remainder when 4451048 is divided by 1202.
42
What is the remainder when 4479104 is divided by 2239524?
56
What is the remainder when 223923 is divided by 5590?
323
What is the remainder when 7522988 is divided by 3366?
3344
Calculate the remainder when 196837 is divided by 243.
7
Calculate the remainder when 443212 is divided by 15.
7
Calculate the remainder when 1332123 is divided by 166484.
251
Calculate the remainder when 3174078 is divided by 320.
318
Calculate the remainder when 1349921 is divided by 906.
887
Calculate the remainder when 2439032 is divided by 94.
14
Calculate the remainder when 644058 is divided by 1425.
1383
Calculate the remainder when 82850874 is divided by 27616957.
3
What is the remainder when 272326928 is divided by 1594?
1592
Calculate the remainder when 344540 is divided by 820.
140
Calculate the remainder when 31894614 is divided by 15947294.
26
What is the remainder when 19451 is divided by 3237?
29
Calculate the remainder when 23360 is divided by 2289.
470
What is the remainder when 337083 is divided by 747?
186
What is the remainder when 757960 is divided by 3236?
736
What is the remainder when 339742299 is divided by 100?
99
What is the remainder when 235903 is divided by 132?
19
Calculate the remainder when 197022 is divided by 894.
342
Calculate the remainder when 1402801 is divided by 233642.
949
What is the remainder when 80066509 is